s(1)?
3
Suppose 4*i + 32 = 0, -3 = -3*h + 2*i + 34. Let g(u) be the first derivative of 1/2*u**2 - 3 - 3*u. What is g(h)?
4
Let w(v) be the second derivative of -v**4/12 + v**3 + v**2 + 12242*v. Let n(p) = 6*p + 1. Let m be n(1). Give w(m).
-5
Let t = -1 + 1. Let w(v) be the second derivative of -v**4/24 - v**3 + 147*v**2/2 + 133*v. Let a(k) be the first derivative of w(k). What is a(t)?
-6
Let w(u) = -9*u**3 - 2*u**3 - 12*u**2 + 4 + 5*u**3 - 9*u + 5*u**3 + 0*u**3. Give w(-11).
-18
Let v(c) = 16*c + 29. Let f(a) = -49*a - 100. Let x(z) = -2*f(z) - 7*v(z). Calculate x(-2).
25
Suppose 31 = t + 4*x, -9*t + 13*t - 79 = -x. Let d(q) = -4*q + 63. Calculate d(t).
-13
Let h(p) = -p**2 - 6*p + 5. Let j = -616 + 610. Determine h(j).
5
Let t = -22 - -11. Let u(l) be the second derivative of -l**4/12 - 3*l**3/2 + 6*l**2 - 35725*l. Calculate u(t).
-10
Let j(b) = -1000 - 6*b + 4*b + 3*b + 1039. Calculate j(-11).
28
Let v(g) = -149*g**2 + 5*g - 25. Let p(j) = -261*j**2 + 10*j - 48. Let x(u) = 4*p(u) - 7*v(u). Give x(8).
-41
Suppose -12*s = -2*s + 630. Let o = -58 - s. Let y(c) = c**3 - 5*c**2 - c + 6. Determine y(o).
1
Let n be (((-3)/(-6))/1)/(3/(-9 - -12)). Let r(k) be the first derivative of 6*k - 1 + n*k**2. What is r(-6)?
0
Let i(r) = -r**2 + 7*r + 10. Suppose 8*u + 77*u = 10*u - 525. Calculate i(u).
-88
Let d(k) be the third derivative of -k**7/1680 + k**6/144 + 17*k**5/60 - 6*k**2 + 1. Let f(u) be the third derivative of d(u). Determine f(4).
-7
Let j(w) = -w**3 - w**2 + 16*w + 7. Let g(o) = 8*o**2 + 127*o + 101. Let y be g(-15). Calculate j(y).
-9
Let v(m) = 2*m**3 - 2 - 3 - 27435*m + 27430*m + 8*m**2. Calculate v(-4).
15
Let h(y) = -2*y**2 + 2*y + 21. Suppose 18*u - 123 = 59*u. Determine h(u).
-3
Let k = 298 + -620. Let m = 317 + k. Let u(d) = d - 4. What is u(m)?
-9
Let w(i) = 8*i + 12. Let a(b) = 5*b + 12. Let d(j) = -2*j - 6. Let k(g) = -3*a(g) - 5*d(g). Let z(x) = 7*k(x) + 4*w(x). Calculate z(5).
-9
Let g(x) = -x**3 + 3*x**2 + 4*x - 13. Let n = -4850 - -4853. Give g(n).
-1
Let i(g) = g**3 + 17*g**2 + 41*g - 23. Let q = 13171 + -13185. Determine i(q).
-9
Let t(g) = 22*g + 11. Let c(j) = -120*j - 55. Let d(r) = 2*c(r) + 11*t(r). Calculate d(-5).
1
Let d(s) = -s**2. Let t(f) = 0*f + 15 + 0*f - 6*f + 5*f. Let r be t(17). Calculate d(r).
-4
Let z(n) be the first derivative of n**4/12 + 4*n**3/3 + 15*n**2/2 - 111*n - 204. Let c(l) be the first derivative of z(l). Give c(-9).
24
Let m(q) = 2*q**2 - q + 2. Suppose -3*h = -459 + 453. Let d(p) = -2*p**2 + p - 3. Let o(t) = h*d(t) + 3*m(t). Determine o(1).
1
Let r(s) = 6*s**2 + 2*s + 5. Let k(j) = -16 - 1 + 13 - 5*j**2 - j. Let z(c) = -5*k(c) - 4*r(c). Suppose -2*o + 3 + 7 = 0. Determine z(o).
10
Let d(o) = -o**2 - 15*o - 30. Let v = 1951 + -1965. Determine d(v).
-16
Let y(b) = 25*b**3 + 143*b**2 - 103*b + 18. Let s(l) = 4*l**3 + 22*l**2 - 17*l + 3. Let k(h) = 19*s(h) - 3*y(h). Give k(12).
-21
Suppose -120 = -324*t + 294*t. Let i(a) = a**3 - 3*a**2 + 3*a + 5. What is i(t)?
33
Let g(k) = -3*k**3 - 5*k**2 - 21*k + 4. Let f(z) = -5*z**3 - 6*z**2 - 26*z + 5. Let u(x) = -3*f(x) + 4*g(x). Determine u(3).
46
Suppose 2*k - 16*o - 30 = -20*o, 5*k - 50 = -5*o. Let c(i) = -k*i**2 - 14*i**2 - 17 + 25*i**2 - 6*i - i + i**3 - 2*i. Give c(-7).
-3
Let l(b) = 5*b + 29. Suppose -7 = -15*v + 16*v. Give l(v).
-6
Let a(g) = -g**3 + 5*g**2 - 3*g - 4. Let p be 9/(-3) + (5 + -7)/(-2). Let d be -9*(2/(-9))/(p/(-3)). What is a(d)?
5
Let c be (0 + 1 - -3)*1. Let f(y) = -4 + 5 - y - c + 4. Suppose -144*n + 13 = -140*n + 3*k, -k = -5*n - 17. Calculate f(n).
3
Let u(h) = h**2 + 26*h + 44. Suppose 19*v = 13*v - 144. Give u(v).
-4
Let s(k) = -27*k - 2. Let i(m) = 23*m + 2. Let u(z) = -6*i(z) - 5*s(z). Let h(f) = 2*f**2 - 10*f + 9. Let w be h(6). Suppose w = -6*j + 3*j. What is u(j)?
19
Let y(p) = p - 87. Let k(x) = -6*x - 91. Let s(b) = k(b) + y(b). Determine s(-37).
7
Let n(z) be the first derivative of 4*z**2 + 1/24*z**4 + 5/6*z**3 - 1/60*z**5 - 38 + 0*z. Let a(q) be the second derivative of n(q). What is a(0)?
5
Suppose 0 = -n + 4*o - 3*o + 3, 2*o = o. Let w(m) = 2*m**3 - 5*m**2 - m + 14. Calculate w(n).
20
Suppose z + 68 = 5*z + 3*j, 4*z = -2*j + 68. Suppose z*f = 18*f + 2. Let s(d) = -d - 5*d + 8*d - d + 2. What is s(f)?
0
Let z(o) = 2*o + 1. Let i = -13 + 13. Suppose -3*h + 33 = 4*d, i*d + 3*d + 2*h = 25. Let j = d - 12. Determine z(j).
-5
Let i = -102 - -108. Let d(y) = -894 + i*y - y**3 + 6*y**2 + 2*y**3 + 900. Determine d(-5).
1
Let b(i) = -i + 2. Let s(n) = n + 1. Suppose 7 = -2*m + m - 4*x, -4 = 2*x. Let f(y) = m*b(y) + 3*s(y). Let t = 534 + -539. Determine f(t).
-5
Let j be (56/10)/((-1)/(-5)). Let t = j - 14. Let z(a) = 39*a - 3 - 20*a - t*a. Give z(2).
7
Let w(j) = j**2 + 25*j - 137. Let g be w(5). Let c(f) = g + 14 - 41 - f + 15. What is c(-6)?
7
Let h(k) = 15*k - 11. Let j(u) be the first derivative of 3*u**2/2 - 2*u - 27. Let f(z) = 6*h(z) - 33*j(z). Let i = -7 + 6. What is f(i)?
9
Let c be (2/(-4) + 1)/(9/(-18)). Let f(r) be the third derivative of -7*r**5/60 - r**4/24 - 19*r**2 - 1. Calculate f(c).
-6
Let g(q) = -q**3 + 6*q**2 - q - 3. Let b be (((-96)/(-20))/(-3))/(8/(-20)). Let y be (3 - b) + 21*5/15. Determine g(y).
-9
Suppose -3*g = 3*p - 9, g - 3 = 15*p - 14*p. Suppose -z + 2 = -5*r, -g*r - 3*z = -4*r + 8. Let i(j) = -6*j**3 + 1. What is i(r)?
7
Let f(j) = -6*j**2 + 2*j - 4. Let n(h) = h**2 + h + 1. Let t be (-1)/(-2)*(-1 - 1). Let o(m) = t*f(m) - n(m). Let w = -24494 - -24496. Determine o(w).
17
Let z(k) = k - 3. Let o be (0 - 1)*-3 + 168 + -173. Let n be (59 + -65)*o/3. Determine z(n).
1
Let a(u) = 2*u**3 + 36*u**2 - 3*u - 54. Let r be a(-18). Let m(z) be the third derivative of r*z - 2/3*z**3 + 0 + 1/24*z**4 + 4*z**2. Give m(5).
1
Let n(f) = -f**2 + 18*f - 62. Suppose 0 = -372*l + 345*l + 243. Give n(l).
19
Let x(z) = -4*z - 5. Suppose -r + 4 = -3*r. Let f be x(r). Let a(t) = -5*t**2 + 104*t - 5 - 110*t - 4*t**f + 3*t**3. Calculate a(-4).
3
Let w(t) be the first derivative of t**3/3 - t**2 - 9*t - 1. Suppose -17*y - 156 = -56*y. Give w(y).
-1
Suppose 4*f = -4*z - 40, -9*z + 12*z = -2*f - 28. Let j(b) = -2*b - 28. What is j(z)?
-12
Let d = 27122 + -27135. Let q(r) = 33*r + 432. Give q(d).
3
Let p = -124 - -123. Let f = 31 + -28. Let t(i) = 0 + i + f - 2 + 0. What is t(p)?
0
Let j(f) = f**2 - 15*f - 31. Let d be (-5)/(15/(-420)*7). Calculate j(d).
69
Let q(c) = -c**3 + 6*c**2 + 4*c - 22. Let g = -38921 + 38927. Determine q(g).
2
Let j(l) = -l**3 + 4*l**2 + 2*l - 9. Let a be (2/(-26))/((-109)/2834). What is j(a)?
3
Let u(i) be the second derivative of -i**5/20 + 3*i**4/4 + 11*i**3/6 - 5*i**2/2 - i. Let k be (-10*(1 + 11))/(-2 + 1). Suppose -5*w = -17*w + k. Determine u(w).
5
Let j(m) = -9*m - 12. Suppose 3*r - 13 = -10*y + 15*y, 2*y = -r + 19. Let p(g) = -5*g - 6. Let b(i) = r*p(i) - 6*j(i). Let f be (-60)/9*18/(-15). What is b(f)?
-2
Let z(s) be the first derivative of -s**2/2 - 28*s - 999. Give z(-12).
-16
Let i(z) = -17*z + 81. Let p(g) = -10*g + 42. Let f(n) = 3*i(n) - 5*p(n). Determine f(24).
9
Let s(c) = 90 + 187*c - 98*c - 100*c. Let m be s(8). Let l(q) be the second derivative of q**5/20 - q**4/6 + q**3/6 - q. Give l(m).
2
Let g(b) be the third derivative of -b**4/24 + b**3/2 - 4*b**2. Let q be (-3 - (1 + 0))/2. Let p(y) = -4*y + 8. Let v(o) = q*p(o) + 7*g(o). Give v(-6).
-1
Let t(s) = -3*s + 2*s - 4 + 3*s + s**3 - 8*s. Suppose 38*b = 6*n + 42*b + 52, 3*n - 4*b = 16. What is t(n)?
-44
Let x(k) = -20*k**2 - 17*k + 27. Let m(f) = 7*f**2 + 6*f - 9. Let d(u) = 17*m(u) + 6*x(u). Let o = 13574 - 13574. Determine d(o).
9
Let y(n) = 0 - 27*n + 4 + 8*n + 4*n - 38*n**2 + 9*n. Determine y(1).
-40
Let b(q) = 10 + 51*q + 8*q**2 + 56*q + 57*q - 207*q + 51*q - q**3. What is b(9)?
1
Suppose 0 = -5*d, 2*a - 3*a + 17*d = -6*a + 15. Let i(t) = 2*t + 1 - t**2 + t + 2*t**3 - 3*t**3 + 2*t**3. What is i(a)?
28
Let h(m) be the second derivative of 1/12*m**4 + 2/3*m**3 + 3*m - m**2 + 11. Determine h(-6).
10
Let n = 199 - 182. Let w(k) = k**2 - n - 311*k + 626*k - 1 - 310*k. Calculate w(-8).
6
Let t(k) = -6*k**2 + 4*k + 1. Let a(l) = -l**2 + l - 2. Let i(v) = 5*a(v) - t(v). Suppose 0 = 5*w + 8 - 3, -2*q + 2*w + 2 = 0. Determine i(q).
-11
Let s(k) be the second derivative of 0 + 1/2*k**2 - 7*k - 1/6*k**3. Let f(p) = 2*p - 20. L